{"id":6978,"date":"2022-10-23T10:06:37","date_gmt":"2022-10-23T10:06:37","guid":{"rendered":"https:\/\/www.meddimueller.de\/?post_type=product&#038;p=6978"},"modified":"2026-03-02T10:23:18","modified_gmt":"2026-03-02T10:23:18","slug":"ein-viertelstuendchen-frankfurt-band-1","status":"publish","type":"product","link":"https:\/\/www.meddimueller.de\/?product=ein-viertelstuendchen-frankfurt-band-1","title":{"rendered":"Ein Viertelst\u00fcndchen Frankfurt &#8211; Band 1 (Taschenbuch)"},"content":{"rendered":"<p>Warum Frankfurt einmal von Brauereien dominiert wurde, die letzten Stunden der Freien Stadt Frankfurt oder wie es gewesen w\u00e4re, wenn Frankfurt 1948 Bundeshauptstadt geworden w\u00e4re, verraten uns Frankfurter Autoren und bekannte Stadtgr\u00f6\u00dfen auf unterhaltsame Weise in \u201eEin Viertelst\u00fcndchen Frankfurt\u201c. 10 Kurzgeschichten mit Fakten und Wissenswertem zur Stadtgeschichte und dem heutigen Frankfurt. Unterhaltsam, erstaunlich und garantiert in keinem Reisef\u00fchrer zu finden.<\/p>\n<p>Autor:innen in diesem Buch: Daniele Holbe, Sonja Rudorf, Holger Weinert, Andrea Habeney, Henni Nachtsheim Christiane Gref, Tim Fr\u00fchling, Susanne Reichert, Lutz Ullrich, Meddi M\u00fcller. Hrsg. Meddi M\u00fcller und Marcel Dax<\/p>\n<p>&nbsp;<\/p>\n<p>Artikel ist jederzeit nachbestellbar.<\/p>\n","protected":false},"excerpt":{"rendered":"<p>Warum Frankfurt einmal von Brauereien dominiert wurde, die letzten Stunden der Freien Stadt Frankfurt oder wie es gewesen w\u00e4re, wenn Frankfurt 1948 Bundeshauptstadt geworden w\u00e4re, verraten uns Frankfurter Autoren und bekannte Stadtgr\u00f6\u00dfen auf unterhaltsame Weise in \u201eEin Viertelst\u00fcndchen Frankfurt\u201c. 10 Kurzgeschichten mit Fakten und Wissenswertem zur Stadtgeschichte und dem heutigen Frankfurt. Unterhaltsam, erstaunlich und garantiert in keinem Reisef\u00fchrer zu finden. [&hellip;]<\/p>\n","protected":false},"featured_media":6979,"comment_status":"closed","ping_status":"closed","template":"","meta":{"saved_in_kubio":false,"_monsterinsights_skip_tracking":false,"_monsterinsights_sitenote_active":false,"_monsterinsights_sitenote_note":"","_monsterinsights_sitenote_category":0},"product_brand":[],"product_cat":[153,151,132],"product_tag":[154,163,128,155],"class_list":{"0":"post-6978","1":"product","2":"type-product","3":"status-publish","4":"has-post-thumbnail","6":"product_cat-anthologien","7":"product_cat-buecher","8":"product_cat-kurzgeschichten","9":"product_tag-anthologien","10":"product_tag-frankfurt","11":"product_tag-kurzgeschichten","12":"product_tag-sammlung","13":"product_shipping_class-taschenbuch","15":"first","16":"outofstock","17":"purchasable","18":"product-type-simple"},"aioseo_notices":[],"_links":{"self":[{"href":"https:\/\/www.meddimueller.de\/index.php?rest_route=\/wp\/v2\/product\/6978","targetHints":{"allow":["GET"]}}],"collection":[{"href":"https:\/\/www.meddimueller.de\/index.php?rest_route=\/wp\/v2\/product"}],"about":[{"href":"https:\/\/www.meddimueller.de\/index.php?rest_route=\/wp\/v2\/types\/product"}],"replies":[{"embeddable":true,"href":"https:\/\/www.meddimueller.de\/index.php?rest_route=%2Fwp%2Fv2%2Fcomments&post=6978"}],"wp:featuredmedia":[{"embeddable":true,"href":"https:\/\/www.meddimueller.de\/index.php?rest_route=\/wp\/v2\/media\/6979"}],"wp:attachment":[{"href":"https:\/\/www.meddimueller.de\/index.php?rest_route=%2Fwp%2Fv2%2Fmedia&parent=6978"}],"wp:term":[{"taxonomy":"product_brand","embeddable":true,"href":"https:\/\/www.meddimueller.de\/index.php?rest_route=%2Fwp%2Fv2%2Fproduct_brand&post=6978"},{"taxonomy":"product_cat","embeddable":true,"href":"https:\/\/www.meddimueller.de\/index.php?rest_route=%2Fwp%2Fv2%2Fproduct_cat&post=6978"},{"taxonomy":"product_tag","embeddable":true,"href":"https:\/\/www.meddimueller.de\/index.php?rest_route=%2Fwp%2Fv2%2Fproduct_tag&post=6978"}],"curies":[{"name":"wp","href":"https:\/\/api.w.org\/{rel}","templated":true}]}}