{"id":6881,"date":"2022-10-20T16:19:07","date_gmt":"2022-10-20T16:19:07","guid":{"rendered":"https:\/\/www.meddimueller.de\/?post_type=product&#038;p=6881"},"modified":"2022-10-25T06:08:33","modified_gmt":"2022-10-25T06:08:33","slug":"der-tuermer-leseprobe-pdf","status":"publish","type":"product","link":"https:\/\/www.meddimueller.de\/?product=der-tuermer-leseprobe-pdf","title":{"rendered":"Der T\u00fcrmer &#8211; Leseprobe (PDF)"},"content":{"rendered":"<p>Frankfurt im Jahr 1900. Heinrich Niemann, der T\u00fcrmer findet eines Morgens eine Leiche im Glockenturm des Frankfurter Doms. Er geht die Polizei holen, doch als er mit einigen Beamten zur\u00fcckkehrt, ist die Leiche verschwunden. Die Polizei denkt dass sich der T\u00fcrmer die Leiche nur eingebildet hat. Der T\u00fcrmer jedoch wei\u00df, was er gesehen hat und ermittelt auf eigene Faust. Er kommt einem Geheimnis auf die Spur, die sich bis in die h\u00f6chsten Kreise der Stadt ziehen.<\/p>\n<p>&nbsp;<\/p>\n<p>Band 1 der 5 heiligen T\u00fcrmer-Serie<\/p>\n","protected":false},"excerpt":{"rendered":"<p><a href=\"https:\/\/www.meddimueller.de\/wp-content\/uploads\/2022\/10\/Tuermer_Leseprobe_ebook.epub\">T\u00fcrmer_Leseprobe_ebook<\/a><\/p>\n<p>&nbsp;<\/p>\n","protected":false},"featured_media":6863,"comment_status":"closed","ping_status":"closed","template":"","meta":{"saved_in_kubio":false,"_monsterinsights_skip_tracking":false,"_monsterinsights_sitenote_active":false,"_monsterinsights_sitenote_note":"","_monsterinsights_sitenote_category":0},"product_brand":[],"product_cat":[150,157,160],"product_tag":[159,130,158],"class_list":{"0":"post-6881","1":"product","2":"type-product","3":"status-publish","4":"has-post-thumbnail","6":"product_cat-krimi","7":"product_cat-leseproben","8":"product_cat-roman","9":"product_tag-historisch","10":"product_tag-krimi","11":"product_tag-roman","12":"product_shipping_class-ebook","14":"first","15":"instock","16":"downloadable","17":"shipping-taxable","18":"purchasable","19":"product-type-simple"},"aioseo_notices":[],"_links":{"self":[{"href":"https:\/\/www.meddimueller.de\/index.php?rest_route=\/wp\/v2\/product\/6881","targetHints":{"allow":["GET"]}}],"collection":[{"href":"https:\/\/www.meddimueller.de\/index.php?rest_route=\/wp\/v2\/product"}],"about":[{"href":"https:\/\/www.meddimueller.de\/index.php?rest_route=\/wp\/v2\/types\/product"}],"replies":[{"embeddable":true,"href":"https:\/\/www.meddimueller.de\/index.php?rest_route=%2Fwp%2Fv2%2Fcomments&post=6881"}],"wp:featuredmedia":[{"embeddable":true,"href":"https:\/\/www.meddimueller.de\/index.php?rest_route=\/wp\/v2\/media\/6863"}],"wp:attachment":[{"href":"https:\/\/www.meddimueller.de\/index.php?rest_route=%2Fwp%2Fv2%2Fmedia&parent=6881"}],"wp:term":[{"taxonomy":"product_brand","embeddable":true,"href":"https:\/\/www.meddimueller.de\/index.php?rest_route=%2Fwp%2Fv2%2Fproduct_brand&post=6881"},{"taxonomy":"product_cat","embeddable":true,"href":"https:\/\/www.meddimueller.de\/index.php?rest_route=%2Fwp%2Fv2%2Fproduct_cat&post=6881"},{"taxonomy":"product_tag","embeddable":true,"href":"https:\/\/www.meddimueller.de\/index.php?rest_route=%2Fwp%2Fv2%2Fproduct_tag&post=6881"}],"curies":[{"name":"wp","href":"https:\/\/api.w.org\/{rel}","templated":true}]}}