{"id":7254,"date":"2023-11-13T00:57:29","date_gmt":"2023-11-13T00:57:29","guid":{"rendered":"https:\/\/www.meddimueller.de\/?page_id=7254"},"modified":"2025-10-18T12:13:10","modified_gmt":"2025-10-18T12:13:10","slug":"meine-e-books","status":"publish","type":"page","link":"https:\/\/www.meddimueller.de\/?page_id=7254","title":{"rendered":"Meine E-Books"},"content":{"rendered":"\n<figure class=\"wp-block-image size-large is-resized\"><img fetchpriority=\"high\" decoding=\"async\" width=\"671\" height=\"1024\" src=\"https:\/\/www.meddimueller.de\/wp-content\/uploads\/2022\/10\/RoeschenV_tuermer_cover_front-671x1024.jpg\" alt=\"\" class=\"wp-image-6863\" style=\"width:162px;height:auto\" srcset=\"https:\/\/www.meddimueller.de\/wp-content\/uploads\/2022\/10\/RoeschenV_tuermer_cover_front-671x1024.jpg 671w, https:\/\/www.meddimueller.de\/wp-content\/uploads\/2022\/10\/RoeschenV_tuermer_cover_front-197x300.jpg 197w, https:\/\/www.meddimueller.de\/wp-content\/uploads\/2022\/10\/RoeschenV_tuermer_cover_front-151x230.jpg 151w, https:\/\/www.meddimueller.de\/wp-content\/uploads\/2022\/10\/RoeschenV_tuermer_cover_front-600x916.jpg 600w, https:\/\/www.meddimueller.de\/wp-content\/uploads\/2022\/10\/RoeschenV_tuermer_cover_front.jpg 741w\" sizes=\"(max-width: 671px) 100vw, 671px\" \/><\/figure>\n\n\n\n<p><strong>Der T\u00fcrmer<br><\/strong><br>Frankfurt im Jahr 1900. Heinrich Niemann, der T\u00fcrmer findet eines Morgens eine Leiche im Glockenturm des Frankfurter Doms. Er geht die Polizei holen, doch als er mit einigen Beamten zur\u00fcckkehrt, ist die Leiche verschwunden. Die Polizei denkt dass sich der T\u00fcrmer die Leiche nur eingebildet hat. Der T\u00fcrmer jedoch wei\u00df, was er gesehen hat und ermittelt auf eigene Faust. Er kommt einem Geheimnis auf die Spur, die sich bis in die h\u00f6chsten Kreise der Stadt ziehen.<\/p>\n\n\n\n<p>Band 1 von 5 T\u00fcrmer-Serie<\/p>\n\n\n\n<div class=\"wp-block-buttons is-layout-flex wp-block-buttons-is-layout-flex\">\n<div class=\"wp-block-button is-style-outline is-style-outline--1\"><a class=\"wp-block-button__link wp-element-button\" href=\"https:\/\/www.meddimueller.de\/?product=der-tuermer-epub\" target=\"_blank\" rel=\"noreferrer noopener\">Als E-Book im ePub-Format<\/a><\/div>\n\n\n\n<div class=\"wp-block-button is-style-outline is-style-outline--2\"><a class=\"wp-block-button__link wp-element-button\" href=\"https:\/\/www.meddimueller.de\/?product=der-tuermer-pdf\" target=\"_blank\" rel=\"noreferrer noopener\">Als Ebook im PDF-Format<\/a><\/div>\n\n\n\n<div class=\"wp-block-button is-style-outline is-style-outline--3\"><a class=\"wp-block-button__link wp-element-button\" href=\"https:\/\/www.meddimueller.de\/?product=der-tuermer-leseprobe-pdf\" target=\"_blank\" rel=\"noreferrer noopener\">Kostenlose Leseprobe<\/a><\/div>\n<\/div>\n\n\n\n<hr class=\"wp-block-separator has-alpha-channel-opacity\"\/>\n\n\n\n<figure class=\"wp-block-image size-full is-resized\"><img decoding=\"async\" width=\"143\" height=\"240\" src=\"https:\/\/www.meddimueller.de\/wp-content\/uploads\/2022\/10\/Glanzgold_1.jpg\" alt=\"\" class=\"wp-image-6871\" style=\"width:171px;height:auto\" srcset=\"https:\/\/www.meddimueller.de\/wp-content\/uploads\/2022\/10\/Glanzgold_1.jpg 143w, https:\/\/www.meddimueller.de\/wp-content\/uploads\/2022\/10\/Glanzgold_1-137x230.jpg 137w\" sizes=\"(max-width: 143px) 100vw, 143px\" \/><\/figure>\n\n\n\n<p><strong>Glanzgold<\/strong><\/p>\n\n\n\n<p>Frankfurt 1909. Heinrich Niemann ist der T\u00fcrmer des Frankfurter Doms. Er lebt ein ruhiges Leben hoch \u00fcber der Stadt. Als seine Schwester Charlotte von Hannover nach Frankfurt zieht, \u00e4ndert sich das jedoch bald. Durch einen Zufall lernt sie den charmanten aber geheimnisvollen Heiko Lorenz kennen. Sie ist begeistert von ihrem neuen Bekannten. Doch dem T\u00fcrmer missf\u00e4llt die Liaison seiner kleinen Schwester. Er wittert hinter der perfekten Fassade Ungemach. Irgendetwas stimmt nicht mit diesem Lorenz.<\/p>\n\n\n\n<p>Als Charlotte zuf\u00e4llig ein geheimnisvolles Gespr\u00e4ch zwischen Lorenz und einem gewissen Herrn Hoffmann belauscht, beginnt ein Wettlauf gegen die Zeit. Charlotte berichtet Ihrem Bruder von dem Gespr\u00e4ch, in dem das Datum 19. Mai 1909 gefallen ist. An diesem Tag besucht Kaiser Wilhelm II. die Stadt. Plant Lorenz ein Attentat auf den Kaiser? Welche Rolle spielt dieser omin\u00f6se Hoffmann in diesem St\u00fcck? Warum wollen Sie den Kaiser t\u00f6ten? Oder wollen Sie ihn doch nicht t\u00f6ten und alles ist nur ein Missverst\u00e4ndnis?&nbsp;<\/p>\n\n\n\n<p>Der T\u00fcrmer ermittelt in seinem zweiten Fall, der ihn auch in die Wetterau f\u00fchrt, wieder auf eigene Faust und gegen alle Widerst\u00e4nde. Charlotte h\u00e4lt zu ihrem Geliebten und Heinrichs Freund Kommissar Schuhmann verweigert die Zusammenarbeit. Ohne Beweise kann und will er nicht eingreifen. Doch der T\u00fcrmer ist felsenfest davon \u00fcberzeugt, dass Lorenz etwas im Schilde f\u00fchrt. Doch manchmal kommt es anders als man denkt \u2026 Band 2 aus der f\u00fcnfteiligen T\u00fcrmer-Serie.<\/p>\n\n\n\n<div class=\"wp-block-columns is-layout-flex wp-container-core-columns-is-layout-9d6595d7 wp-block-columns-is-layout-flex\">\n<div class=\"wp-block-column is-layout-flow wp-block-column-is-layout-flow\" style=\"flex-basis:100%\">\n<div class=\"wp-block-buttons is-layout-flex wp-block-buttons-is-layout-flex\">\n<div class=\"wp-block-button is-style-outline is-style-outline--4\"><a class=\"wp-block-button__link wp-element-button\" href=\"https:\/\/www.meddimueller.de\/?product=glanzgold-epub\" target=\"_blank\" rel=\"noreferrer noopener\">Als E-Book im ePub-Format<\/a><\/div>\n\n\n\n<div class=\"wp-block-button is-style-outline is-style-outline--5\"><a class=\"wp-block-button__link wp-element-button\" href=\"https:\/\/www.meddimueller.de\/?product=glanzgold-pdf\" target=\"_blank\" rel=\"noreferrer noopener\">Als E-Book im PDF-Format<\/a><\/div>\n\n\n\n<div class=\"wp-block-button is-style-outline is-style-outline--6\"><a class=\"wp-block-button__link wp-element-button\" href=\"https:\/\/www.meddimueller.de\/?product=glanzgold-leseprobe-pdf\" target=\"_blank\" rel=\"noreferrer noopener\">Kostenlose Leseprobe<\/a><\/div>\n<\/div>\n<\/div>\n<\/div>\n\n\n\n<hr class=\"wp-block-separator has-alpha-channel-opacity\"\/>\n\n\n\n<figure class=\"wp-block-image size-full is-resized\"><img decoding=\"async\" width=\"586\" height=\"784\" src=\"https:\/\/www.meddimueller.de\/wp-content\/uploads\/2022\/10\/Publikation1.jpg\" alt=\"\" class=\"wp-image-6884\" style=\"width:226px;height:auto\" srcset=\"https:\/\/www.meddimueller.de\/wp-content\/uploads\/2022\/10\/Publikation1.jpg 586w, https:\/\/www.meddimueller.de\/wp-content\/uploads\/2022\/10\/Publikation1-224x300.jpg 224w, https:\/\/www.meddimueller.de\/wp-content\/uploads\/2022\/10\/Publikation1-172x230.jpg 172w\" sizes=\"(max-width: 586px) 100vw, 586px\" \/><\/figure>\n\n\n\n<p><strong>Unter Verdacht<\/strong><\/p>\n\n\n\n<p>Frankfurt, im Fr\u00fchjahr 1910. Kommissar Schuhmann wird im Morgengrauen verhaftet. Ihm wird vorgeworfen, Hildegard R\u00fcdgers ermordet zu haben. Es gelingt ihm jedoch, in den Frankfurter Dom zu fl\u00fcchten, wo ihm vom Pfarrer Asyl gew\u00e4hrt wird. Die Beweise gegen ihn sind erdr\u00fcckend. Die Polizei l\u00e4sst sich nicht mehr lange hinhalten und droht damit, den Dom zu st\u00fcrmen. Die Zeit dr\u00e4ngt. Schuhmanns Freund, der T\u00fcrmer Heinrich Niemann, steht zu ihm und ermittelt verdeckt in Frankfurts Unterwelt, um seinen Freund zu entlasten. &nbsp;Er schleust sich in die&nbsp;<em>Barmherzige Bruderschaft<\/em>&nbsp;ein, die unter dem Deckmantel der Wohlt\u00e4tigkeit Verbrechen ver\u00fcbt. Doch die m\u00e4chtige Bande geht mit Verr\u00e4tern nicht gerade zimperlich um\u2026<\/p>\n\n\n\n<p>Der dritte Fall des Frankfurter T\u00fcrmers ist zugleich sein gef\u00e4hrlichster. Spannung bis zur letzten Seite.<\/p>\n\n\n\n<p>Band 3 der f\u00fcnfteiligen T\u00fcrmerserie<\/p>\n\n\n\n<div class=\"wp-block-buttons is-layout-flex wp-block-buttons-is-layout-flex\">\n<div class=\"wp-block-button is-style-outline is-style-outline--7\"><a class=\"wp-block-button__link wp-element-button\" href=\"https:\/\/www.meddimueller.de\/?product=unter-verdacht-epub\" target=\"_blank\" rel=\"noreferrer noopener\">Als E-Book im ePub-Format<\/a><\/div>\n\n\n\n<div class=\"wp-block-button is-style-outline is-style-outline--8\"><a class=\"wp-block-button__link wp-element-button\" href=\"https:\/\/www.meddimueller.de\/?product=unter-verdacht-pdf\" target=\"_blank\" rel=\"noreferrer noopener\">Als E-Book im PDF-Format<\/a><\/div>\n\n\n\n<div class=\"wp-block-button is-style-outline is-style-outline--9\"><a class=\"wp-block-button__link wp-element-button\" href=\"https:\/\/www.meddimueller.de\/?product=unter-verdacht-leseprobe-pdf\" target=\"_blank\" rel=\"noreferrer noopener\">Kostenlose Leseprobe<\/a><\/div>\n<\/div>\n\n\n\n<hr class=\"wp-block-separator has-alpha-channel-opacity\"\/>\n\n\n\n<figure class=\"wp-block-image size-large is-resized\"><img loading=\"lazy\" decoding=\"async\" width=\"724\" height=\"1024\" src=\"https:\/\/www.meddimueller.de\/wp-content\/uploads\/2022\/10\/9783940987707-724x1024.jpg\" alt=\"\" class=\"wp-image-6913\" style=\"width:241px;height:auto\" srcset=\"https:\/\/www.meddimueller.de\/wp-content\/uploads\/2022\/10\/9783940987707-724x1024.jpg 724w, https:\/\/www.meddimueller.de\/wp-content\/uploads\/2022\/10\/9783940987707-212x300.jpg 212w, https:\/\/www.meddimueller.de\/wp-content\/uploads\/2022\/10\/9783940987707-768x1086.jpg 768w, https:\/\/www.meddimueller.de\/wp-content\/uploads\/2022\/10\/9783940987707-1086x1536.jpg 1086w, https:\/\/www.meddimueller.de\/wp-content\/uploads\/2022\/10\/9783940987707-1448x2048.jpg 1448w, https:\/\/www.meddimueller.de\/wp-content\/uploads\/2022\/10\/9783940987707-163x230.jpg 163w, https:\/\/www.meddimueller.de\/wp-content\/uploads\/2022\/10\/9783940987707-600x849.jpg 600w, https:\/\/www.meddimueller.de\/wp-content\/uploads\/2022\/10\/9783940987707-scaled.jpg 1810w\" sizes=\"(max-width: 724px) 100vw, 724px\" \/><\/figure>\n\n\n\n<p><strong>Im Schatten der Schwester<\/strong><\/p>\n\n\n\n<p>Frankfurt, im Fr\u00fchjahr 1910. Kommissar Schuhmann wird im Morgengrauen verhaftet. Ihm wird vorgeworfen, Hildegard R\u00fcdgers ermordet zu haben. Es gelingt ihm jedoch, in den Frankfurter Dom zu fl\u00fcchten, wo ihm vom Pfarrer Asyl gew\u00e4hrt wird. Die Beweise gegen ihn sind erdr\u00fcckend. Die Polizei l\u00e4sst sich nicht mehr lange hinhalten und droht damit, den Dom zu st\u00fcrmen. Die Zeit dr\u00e4ngt. Schuhmanns Freund, der T\u00fcrmer Heinrich Niemann, steht zu ihm und ermittelt verdeckt in Frankfurts Unterwelt, um seinen Freund zu entlasten. &nbsp;Er schleust sich in die&nbsp;<em>Barmherzige Bruderschaft<\/em>&nbsp;ein, die unter dem Deckmantel der Wohlt\u00e4tigkeit Verbrechen ver\u00fcbt. Doch die m\u00e4chtige Bande geht mit Verr\u00e4tern nicht gerade zimperlich um\u2026<\/p>\n\n\n\n<p>Der dritte Fall des Frankfurter T\u00fcrmers ist zugleich sein gef\u00e4hrlichster. Spannung bis zur letzten Seite.<\/p>\n\n\n\n<p>Band 4 der f\u00fcnfteiligen T\u00fcrmerserie<\/p>\n\n\n\n<div class=\"wp-block-buttons is-layout-flex wp-block-buttons-is-layout-flex\">\n<div class=\"wp-block-button is-style-outline is-style-outline--10\"><a class=\"wp-block-button__link wp-element-button\" href=\"https:\/\/www.meddimueller.de\/?product=im-schatten-der-schwester-epub\" target=\"_blank\" rel=\"noreferrer noopener\">Als E-Book im ePub-Format<\/a><\/div>\n\n\n\n<div class=\"wp-block-button is-style-outline is-style-outline--11\"><a class=\"wp-block-button__link wp-element-button\" href=\"https:\/\/www.meddimueller.de\/?product=im-schatten-der-schwester-pdf\" target=\"_blank\" rel=\"noreferrer noopener\">Als E-Book im PDF-Format<\/a><\/div>\n\n\n\n<div class=\"wp-block-button is-style-outline is-style-outline--12\"><a class=\"wp-block-button__link wp-element-button\" href=\"https:\/\/www.meddimueller.de\/?product=im-schatten-der-schwester-leseprobe\" target=\"_blank\" rel=\"noreferrer noopener\">Kostenlose Leseprobe<\/a><\/div>\n<\/div>\n\n\n\n<hr class=\"wp-block-separator has-alpha-channel-opacity\"\/>\n\n\n\n<figure class=\"wp-block-image size-large is-resized\"><img loading=\"lazy\" decoding=\"async\" width=\"724\" height=\"1024\" src=\"https:\/\/www.meddimueller.de\/wp-content\/uploads\/2022\/10\/9783940987752-724x1024.jpg\" alt=\"\" class=\"wp-image-6891\" style=\"width:236px;height:auto\" srcset=\"https:\/\/www.meddimueller.de\/wp-content\/uploads\/2022\/10\/9783940987752-724x1024.jpg 724w, https:\/\/www.meddimueller.de\/wp-content\/uploads\/2022\/10\/9783940987752-212x300.jpg 212w, https:\/\/www.meddimueller.de\/wp-content\/uploads\/2022\/10\/9783940987752-768x1086.jpg 768w, https:\/\/www.meddimueller.de\/wp-content\/uploads\/2022\/10\/9783940987752-1086x1536.jpg 1086w, https:\/\/www.meddimueller.de\/wp-content\/uploads\/2022\/10\/9783940987752-1448x2048.jpg 1448w, https:\/\/www.meddimueller.de\/wp-content\/uploads\/2022\/10\/9783940987752-163x230.jpg 163w, https:\/\/www.meddimueller.de\/wp-content\/uploads\/2022\/10\/9783940987752-600x849.jpg 600w, https:\/\/www.meddimueller.de\/wp-content\/uploads\/2022\/10\/9783940987752-scaled.jpg 1810w\" sizes=\"(max-width: 724px) 100vw, 724px\" \/><\/figure>\n\n\n\n<p><strong>Frankfurt muss brennen<\/strong><\/p>\n\n\n\n<p>Frankfurt im Sp\u00e4tsommer 1912. In Eschersheim brennt der Hof der Familie Kremer bis auf die Grundmauern nieder. Nur der j\u00fcngste Sohn \u00fcberlebt das Inferno. Schnell wird klar, dass es sich um Brandstiftung handelt. Kommissar Schuhmann ermittelt wegen Mord. Ein Routinefall. Wenige Tage sp\u00e4ter brennt es erneut in Eschersheim, bei dem ein weiterer Mann stirbt. H\u00e4ngen die Br\u00e4nde zusammen? Ist ein Feuerteufel am Werk? Warum wird wenige Tage sp\u00e4ter Gisela Reimann, die Nachbarin der Kremers, erschlagen am Heddernheimern Niddaufer gefunden? Geht es hier \u201enur\u201c um Brandstiftung oder steckt mehr dahinter? Sp\u00e4testens als der K\u00fcster der Emmausgemeinde in seiner Kirche in Flammen steht und dabei umkommt, ist klar, dass die Opfer nicht zuf\u00e4llig ausgew\u00e4hlt wurden. Hier ist ein wahnsinniger Serient\u00e4ter am Werk. Heinrich Niemann, bester Freund Kommissar Schuhmanns, T\u00fcrmer des Frankfurter Kaiserdoms und Feuerwehrmann, wird dem Ermittler als Berater zugeteilt. Gemeinsam jagen sie die Bestie von Eschersheim. Die Zeit dr\u00e4ngt, denn auf der Todesliste des M\u00f6rders stehen noch etliche Namen.<\/p>\n\n\n\n<p>Band 5 aus der f\u00fcnfteiligen T\u00fcrmerserie<\/p>\n\n\n\n<div class=\"wp-block-buttons is-layout-flex wp-block-buttons-is-layout-flex\">\n<div class=\"wp-block-button is-style-outline is-style-outline--13\"><a class=\"wp-block-button__link wp-element-button\" href=\"https:\/\/www.meddimueller.de\/?product=frankfurt-muss-brennen-epub\" target=\"_blank\" rel=\"noreferrer noopener\">Als E-Book im ePub-Format<\/a><\/div>\n\n\n\n<div class=\"wp-block-button is-style-outline is-style-outline--14\"><a class=\"wp-block-button__link wp-element-button\" href=\"https:\/\/www.meddimueller.de\/?product=frankfurt-muss-brennen-pdf-2\" target=\"_blank\" rel=\"noreferrer noopener\">Als E-Book im PDF-Format<\/a><\/div>\n\n\n\n<div class=\"wp-block-button is-style-outline is-style-outline--15\"><a class=\"wp-block-button__link wp-element-button\" href=\"https:\/\/www.meddimueller.de\/?product=frankfurt-muss-brennen-leseprobe\" target=\"_blank\" rel=\"noreferrer noopener\">Kostenlose Leseprobe<\/a><\/div>\n<\/div>\n\n\n\n<hr class=\"wp-block-separator has-alpha-channel-opacity\"\/>\n\n\n\n<p><\/p>\n","protected":false},"excerpt":{"rendered":"<p>Der T\u00fcrmerFrankfurt im Jahr 1900. Heinrich Niemann, der T\u00fcrmer findet eines Morgens eine Leiche im Glockenturm des Frankfurter Doms. Er geht die Polizei holen, doch als er mit einigen Beamten zur\u00fcckkehrt, ist die Leiche verschwunden. Die Polizei denkt dass sich der T\u00fcrmer die Leiche nur eingebildet hat. Der T\u00fcrmer jedoch wei\u00df, was er gesehen hat und ermittelt auf eigene Faust. [&hellip;]<\/p>\n","protected":false},"author":1,"featured_media":0,"parent":0,"menu_order":0,"comment_status":"closed","ping_status":"closed","template":"","meta":{"saved_in_kubio":false,"_monsterinsights_skip_tracking":false,"_monsterinsights_sitenote_active":false,"_monsterinsights_sitenote_note":"","_monsterinsights_sitenote_category":0,"footnotes":""},"class_list":["post-7254","page","type-page","status-publish","hentry"],"aioseo_notices":[],"kubio_ai_page_context":{"short_desc":"","purpose":"general"},"_links":{"self":[{"href":"https:\/\/www.meddimueller.de\/index.php?rest_route=\/wp\/v2\/pages\/7254","targetHints":{"allow":["GET"]}}],"collection":[{"href":"https:\/\/www.meddimueller.de\/index.php?rest_route=\/wp\/v2\/pages"}],"about":[{"href":"https:\/\/www.meddimueller.de\/index.php?rest_route=\/wp\/v2\/types\/page"}],"author":[{"embeddable":true,"href":"https:\/\/www.meddimueller.de\/index.php?rest_route=\/wp\/v2\/users\/1"}],"replies":[{"embeddable":true,"href":"https:\/\/www.meddimueller.de\/index.php?rest_route=%2Fwp%2Fv2%2Fcomments&post=7254"}],"version-history":[{"count":6,"href":"https:\/\/www.meddimueller.de\/index.php?rest_route=\/wp\/v2\/pages\/7254\/revisions"}],"predecessor-version":[{"id":7926,"href":"https:\/\/www.meddimueller.de\/index.php?rest_route=\/wp\/v2\/pages\/7254\/revisions\/7926"}],"wp:attachment":[{"href":"https:\/\/www.meddimueller.de\/index.php?rest_route=%2Fwp%2Fv2%2Fmedia&parent=7254"}],"curies":[{"name":"wp","href":"https:\/\/api.w.org\/{rel}","templated":true}]}}