{"id":6240,"date":"2020-04-02T09:49:45","date_gmt":"2020-04-02T09:49:45","guid":{"rendered":"http:\/\/meddimueller.de\/?page_id=6240"},"modified":"2026-04-15T07:47:36","modified_gmt":"2026-04-15T07:47:36","slug":"meine-podstcasts","status":"publish","type":"page","link":"https:\/\/www.meddimueller.de\/?page_id=6240","title":{"rendered":"Meine Podcasts"},"content":{"rendered":"\n<p class=\"has-text-align-center\">Da ich ein Radiogesicht habe, m\u00f6chte ich euch hier meine Podcasts an Herz legen. Es gibt verschiedene Stimmungslagen. Seri\u00f6s, Infomativ und &#8230; naja, speziell. Viel Spa\u00df beim Zuh\u00f6ren.<\/p>\n\n\n\n<p class=\"has-text-align-center\"><strong>Hier finden Sie die \u00dcbersicht all meiner Podcasts<\/strong>. <\/p>\n\n\n\n<div class=\"wp-block-columns is-layout-flex wp-container-core-columns-is-layout-9d6595d7 wp-block-columns-is-layout-flex\">\n<div class=\"wp-block-column is-layout-flow wp-block-column-is-layout-flow\" style=\"flex-basis:100%\">\n<div class=\"wp-block-group\"><div class=\"wp-block-group__inner-container is-layout-flow wp-block-group-is-layout-flow\"><\/div><\/div>\n<\/div>\n<\/div>\n\n\n\n<p class=\"has-text-align-center has-vivid-red-color has-text-color has-medium-font-size\"><strong>Hier wird immer die aktuellen Folge angezeigt. Weitere Folgen gibt es auch unter den jeweiligen Links zu den Podcasts!<\/strong><\/p>\n\n\n<p><iframe tabindex=\"0\" src=\"https:\/\/letscast.fm\/podcasts\/im-podcastsumpf-f2ba67ae\/iframe-player?size=m-alternative\" width=\"100%\" height=\"230\" frameborder=\"0\" scrolling=\"no\"><\/iframe><br \/><!-- \/wp:post-content --><\/p>\n<p>\u00a0<\/p>\n<p>\u00a0<\/p>\n<p><iframe tabindex=\"0\" src=\"https:\/\/letscast.fm\/podcasts\/und-ihr-denkt-es-ist-alles-in-ordnung-edc9fff5\/iframe-player?size=m\" width=\"100%\" height=\"230\" frameborder=\"0\" scrolling=\"no\"><\/iframe><br \/><!-- wp:html --><\/p>\n<p><iframe tabindex=\"0\" src=\"https:\/\/letscast.fm\/podcasts\/buchgebabbel-9f6a3432\/iframe-player?size=m\" width=\"100%\" height=\"230\" frameborder=\"0\" scrolling=\"no\"><\/iframe><\/p>\n<p>\u00a0<\/p>\n<p><!-- wp:group --><\/p>\n<h5 class=\"wp-block-column\" style=\"flex-basis: 100%;\">Ab und zu darf ich mal zu Gast in anderen Podcasts auftreten. Diese Gastauftritte findet ihr hier:<\/h5>\n<p><!-- \/wp:group --><\/p>\n<p><!-- wp:paragraph {\"align\":\"center\"} --><\/p>\n<p><!-- \/wp:paragraph --><\/p>\n<p><iframe style=\"border-radius: 12px;\" src=\"https:\/\/open.spotify.com\/embed\/episode\/6QYgJ2g67ATu0VykpcIlii?utm_source=generator\" width=\"100%\" height=\"352\" frameborder=\"0\" allowfullscreen=\"allowfullscreen\"><\/iframe><\/p>\n<p><!-- wp:paragraph {\"align\":\"center\"} --><\/p>\n<p><iframe style=\"border-radius: 12px;\" src=\"https:\/\/open.spotify.com\/embed\/episode\/7JcHnsvsqHqg6Nq1U0yONP?utm_source=generator\" width=\"100%\" height=\"352\" frameborder=\"0\" allowfullscreen=\"allowfullscreen\"><\/iframe><\/p>\n<p><iframe style=\"border-radius: 12px;\" src=\"https:\/\/open.spotify.com\/embed\/episode\/6kXI4aGDPO57uIuioxHwRI?utm_source=generator\" width=\"100%\" height=\"352\" frameborder=\"0\" allowfullscreen=\"allowfullscreen\"><\/iframe><\/p>\n<p><!-- \/wp:paragraph --><\/p>\n<p><!-- wp:html \/--><\/p>\n<p><!-- wp:paragraph --><\/p>\n<p><!-- \/wp:paragraph --><\/p>\n<p><!-- wp:paragraph --><\/p>\n<p><!-- \/wp:paragraph --><\/p>","protected":false},"excerpt":{"rendered":"<p>Da ich ein Radiogesicht habe, m\u00f6chte ich euch hier meine Podcasts an Herz legen. Es gibt verschiedene Stimmungslagen. Seri\u00f6s, Infomativ und &#8230; naja, speziell. Viel Spa\u00df beim Zuh\u00f6ren. Hier finden Sie die \u00dcbersicht all meiner Podcasts. Hier wird immer die aktuellen Folge angezeigt. Weitere Folgen gibt es auch unter den jeweiligen Links zu den Podcasts! \u00a0 \u00a0 \u00a0 Ab und [&hellip;]<\/p>\n","protected":false},"author":1,"featured_media":0,"parent":0,"menu_order":0,"comment_status":"closed","ping_status":"closed","template":"","meta":{"saved_in_kubio":false,"_monsterinsights_skip_tracking":false,"_monsterinsights_sitenote_active":false,"_monsterinsights_sitenote_note":"","_monsterinsights_sitenote_category":0,"footnotes":""},"class_list":["post-6240","page","type-page","status-publish","hentry"],"aioseo_notices":[],"kubio_ai_page_context":{"short_desc":"","purpose":"general"},"_links":{"self":[{"href":"https:\/\/www.meddimueller.de\/index.php?rest_route=\/wp\/v2\/pages\/6240","targetHints":{"allow":["GET"]}}],"collection":[{"href":"https:\/\/www.meddimueller.de\/index.php?rest_route=\/wp\/v2\/pages"}],"about":[{"href":"https:\/\/www.meddimueller.de\/index.php?rest_route=\/wp\/v2\/types\/page"}],"author":[{"embeddable":true,"href":"https:\/\/www.meddimueller.de\/index.php?rest_route=\/wp\/v2\/users\/1"}],"replies":[{"embeddable":true,"href":"https:\/\/www.meddimueller.de\/index.php?rest_route=%2Fwp%2Fv2%2Fcomments&post=6240"}],"version-history":[{"count":63,"href":"https:\/\/www.meddimueller.de\/index.php?rest_route=\/wp\/v2\/pages\/6240\/revisions"}],"predecessor-version":[{"id":8103,"href":"https:\/\/www.meddimueller.de\/index.php?rest_route=\/wp\/v2\/pages\/6240\/revisions\/8103"}],"wp:attachment":[{"href":"https:\/\/www.meddimueller.de\/index.php?rest_route=%2Fwp%2Fv2%2Fmedia&parent=6240"}],"curies":[{"name":"wp","href":"https:\/\/api.w.org\/{rel}","templated":true}]}}